7220814.
2, 3, 29, 1105787
What are the prime factors of 336136094?
2, 7, 2237, 10733
List the prime factors of 5104827364.
2, 7, 13, 14024251
What are the prime factors of 31923278?
2, 53, 457, 659
List the prime factors of 153316347.
3, 51105449
What are the prime factors of 1406043267?
3, 607, 772127
List the prime factors of 784811113.
181, 2029, 2137
What are the prime factors of 164920541?
353, 467197
List the prime factors of 155400881.
137, 1134313
What are the prime factors of 423047663?
769, 550127
List the prime factors of 9307157627.
173, 53798599
What are the prime factors of 36965576?
2, 4620697
List the prime factors of 78168166.
2, 19, 29, 89, 797
What are the prime factors of 27770504?
2, 479, 7247
What are the prime factors of 342545494?
2, 47, 1301, 2801
List the prime factors of 533943915.
3, 5, 263, 135347
What are the prime factors of 1123685?
5, 224737
List the prime factors of 56450267.
56450267
List the prime factors of 396639146.
2, 2741, 72353
What are the prime factors of 167357440?
2, 5, 32687
List the prime factors of 228178719.
3, 25353191
What are the prime factors of 3787036063?
89, 137, 310591
List the prime factors of 1302706240.
2, 5, 11, 61, 6067
List the prime factors of 10877250.
2, 3, 5, 14503
List the prime factors of 4028520727.
7, 11, 971, 53881
What are the prime factors of 1667997660?
2, 3, 5, 7, 3971423
List the prime factors of 98363379.
3, 499, 65707
What are the prime factors of 831336016?
2, 7, 7422643
List the prime factors of 475482079.
37, 1889, 6803
What are the prime factors of 2914748458?
2, 8431, 172859
List the prime factors of 1955732953.
11621, 168293
What are the prime factors of 152957463?
3, 83, 107, 5741
List the prime factors of 243795934.
2, 121897967
List the prime factors of 47992504.
2, 7, 857009
What are the prime factors of 746207101?
23, 83, 390889
What are the prime factors of 11751225?
3, 5, 156683
List the prime factors of 120773857.
79, 137, 11159
List the prime factors of 134238572.
2, 13, 19, 7151
List the prime factors of 1475325217.
1475325217
What are the prime factors of 310269500?
2, 5, 419, 1481
List the prime factors of 99658028.
2, 24914507
List the prime factors of 198466531.
449, 442019
What are the prime factors of 556592868?
2, 3, 13, 1189301
List the prime factors of 3958760420.
2, 5, 17, 29, 179, 2243
What are the prime factors of 138945773?
138945773
List the prime factors of 196488256.
2, 3070129
What are the prime factors of 1829894138?
2, 914947069
List the prime factors of 147899038.
2, 7, 107, 98731
What are the prime factors of 1705945165?
5, 341189033
What are the prime factors of 15561789?
3, 1511, 3433
What are the prime factors of 196395855?
3, 5, 89, 131, 1123
What are the prime factors of 54848173?
54848173
List the prime factors of 343998772.
2, 13, 6615361
What are the prime factors of 129822771?
3, 13, 3328789
List the prime factors of 1020709213.
12161, 83933
What are the prime factors of 49222655?
5, 9844531
What are the prime factors of 505880502?
2, 3, 37, 151, 15091
What are the prime factors of 293964404?
2, 73491101
What are the prime factors of 650993396?
2, 8447, 19267
What are the prime factors of 1335455018?
2, 113, 5909093
List the prime factors of 3073388737.
3073388737
What are the prime factors of 1793936398?
2, 896968199
List the prime factors of 98886712.
2, 167, 74017
List the prime factors of 444762105.
3, 5, 71, 417617
What are the prime factors of 247955338?
2, 233, 532093
What are the prime factors of 365713333?
17, 1447, 14867
List the prime factors of 32140686.
2, 3, 1009, 5309
List the prime factors of 401505423.
3, 11, 1031, 11801
List the prime factors of 111649216.
2, 7, 249217
What are the prime factors of 56160466?
2, 19, 1477907
List the prime factors of 73380390.
2, 3, 5, 2446013
What are the prime factors of 340303336?
2, 42537917
List the prime factors of 465605813.
23, 2909, 6959
List the prime factors of 28184115.
3, 5, 31, 60611
What are the prime factors of 624933513?
3, 69437057
List the prime factors of 3861020117.
3861020117
List the prime factors of 1899895123.
7, 1229, 220841
What are the prime factors of 97576837?
19, 73, 70351
What are the prime factors of 948578195?
5, 463, 409753
What are the prime factors of 89589956?
2, 3853, 5813
List the prime factors of 606908624.
2, 7, 229, 23663
What are the prime factors of 75164545?
5, 2213, 6793
What are the prime factors of 29969676?
2, 3, 11, 2803
What are the prime factors of 110558408?
2, 13819801
What are the prime factors of 164399168?
2, 223, 11519
List the prime factors of 410841233.
11, 31, 1204813
What are the prime factors of 4273861133?
613, 6972041
List the prime factors of 3110801.
29, 107269
What are the prime factors of 6424402?
2, 17, 188953
What are the prime factors of 36690191?
29, 1265179
What are the prime factors of 102813250?
2, 5, 411253
What are the prime factors of 3792373560?
2, 3, 5, 3511457
List the prime factors of 435906774.
2, 3, 2287, 10589
List the prime factors of 401658576.
2, 3, 11, 131, 5807
List the prime factors of 396933923.
73, 383, 14197
What are the prime factors of 354753320?
2, 5, 41, 199, 1087
List the prime factors of 2848774699.
2848774699
List the prime factors of 115291460.
2, 5, 1423, 4051
What are the prime factors of 216442052?
2, 23, 2352631
List the prime factors of 861156625.
5, 7, 59, 2383
What are the prime factors of 86634560?
2, 5, 23, 79, 149
List the prime factors of 3640367130.
2, 3, 5, 19, 1301, 4909
What are the prime factors of 87483587?
3511, 24917
List the prime factors of 8986995656.
2, 41, 27399377
List the prime factors of 330102706.
2, 165051353
List the prime factors of 1524526530.
2, 3, 5, 50817551
What are the prime factors of 64092432?
2, 3, 1335259
What are the prime factors of 1246358401?
103, 12100567
List the prime factors of 78052030.
2, 5, 7, 1115029
What are the prime factors of 566987655?
3, 5, 13, 17, 10061
What are the prime factors of 21721523?
167, 130069
What are the prime factors of 3267233785?
5, 653446757
What are the prime factors of 103231123?
17, 19, 319601
List the prime factors of 518263865.
5, 7, 73, 193, 1051
List the prime factors of 87743550.
2, 3, 5, 563, 1039
List the prime factors of 18402556.
2, 4600639
What are the prime factors of 203892227?
7, 11, 2647951
List the prime factors of 1391762884.
2, 347940721
List the prime factors of 57498470.
2, 5, 5749847
What are the prime factors of 1915889005?
5, 59, 6494539
List the prime factors of 716135801.
773, 926437
List the prime factors of 95081665.
5, 7, 41, 173, 383
What are the prime factors of 526465916?
2, 293, 449203
What are the prime factors of 25504246?
2, 43, 296561
What are the prime factors of 4378819054?
2, 2189409527
List the prime factors of 111252704.
2, 211, 16477
What are the prime factors of 1359221968?
2, 13, 953, 6857
What are the prime factors of 30963806?
2, 19, 163, 4999
What are the prime factors of 2473286737?
24251, 101987
What are the prime factors of 42091935?
3, 5, 19, 113, 1307
What are the prime factors of 99488526?
2, 3, 53, 312857
List the prime factors of 96822420.
2, 3, 5, 1613707
List the prime factors of 525869855.
5, 7, 15024853
List the prime factors of 4499395244.
2, 19, 71, 833839
What are the prime factors of 2998470072?
2, 3, 13, 23, 281, 1487
What are the prime factors of 39329923?
39329923
What are the prime factors of 831332431?
831332431
What are the prime factors of 11154619?
7, 73, 83, 263
What are the prime factors of 2785076766?
2, 3, 31, 359, 13903
List the prime factors of 247465459.
71, 163, 21383
What are the prime factors of 154878214?
2, 239, 457, 709
What are the prime factors of 458876328?
2, 3, 19119847
What are the prime factors of 68609425?
5, 47, 58391
List the prime factors of 163793174.
2, 61, 1342567
What are the prime factors of 231894005?
5, 7, 29, 47, 4861
List the prime factors of 603643444.
2, 150910861
List the prime factors of 536715308.
2, 251, 534577
List the prime factors of 276719965.
5, 17, 3255529
List the prime factors of 84073333.
31, 2712043
What are the prime factors of 864339103?
23, 3121, 12041
What are the prime factors of 435468438?
2, 3, 24192691
List the prime factors of 89415389.
7, 12773627
List the p